{"id":125,"date":"2013-07-28T20:55:01","date_gmt":"2013-07-29T01:55:01","guid":{"rendered":"https:\/\/www.adondequierenir.com\/index.php\/coliseo-de-beisbol-cali-coliseo-de-softbol-cali\/"},"modified":"2013-07-28T20:55:01","modified_gmt":"2013-07-29T01:55:01","slug":"coliseo-de-beisbol-cali-coliseo-de-softbol-cali","status":"publish","type":"page","link":"https:\/\/www.adondequierenir.com\/index.php\/coliseo-de-beisbol-cali-coliseo-de-softbol-cali\/","title":{"rendered":"Coliseo de Beisbol Cali &#8211; Coliseo de Softbol Cali"},"content":{"rendered":"<div class=\"text\" style=\"text-align: center;\"><strong><span style=\"font-size: small;\">ESTADIO DE BEISBOL CALI -COLISEO DE SOFTBOL CALI &#8211; DIAMANTE DE BESBOL CALI<\/span><\/strong><\/p>\n<p style=\"text-align: center;\"><strong><span style=\"font-size: small;\"><span style=\"font-size: small;\">Estadio de Softbol SIMON CARBONELL TOWNSEND<\/span><\/span><\/strong><\/p>\n<p style=\"text-align: center;\">\u00a0<\/p>\n<p style=\"text-align: center;\"><strong><span style=\"font-size: small;\"><img decoding=\"async\" src=\"images\/img_lugares_cali\/estadio-de-beisbol-cali.jpg\" alt=\"\" border=\"0\" \/><\/span><\/strong><\/p>\n<p style=\"text-align: center;\">\u00a0<\/p>\n<p style=\"text-align: justify;\"><span style=\"font-size: small;\">El Coliseo de Softbol fue construido para Los Juegos Mundiales 2013 en la Unidad Deportiva Jaime Aparicio, sobre la <strong>carrera 39 con autopista Suroriental,<\/strong> en un \u00e1rea de 8.900 m<sup>2<\/sup> de los cuales m\u00e1s de 6.000 m<sup>2<\/sup> corresponden al campo de juego. Posee una capacidad para 1.650 asistentes.<\/span><\/p>\n<p><!--more--><\/p>\n<p style=\"text-align: justify;\"><span style=\"font-size: small;\">El dise\u00f1o de la estructura se ajust\u00f3 5 grados respecto a la posici\u00f3n del sol, evitando cualquier molestia a la vista del pitcher, y fue avalado por la Federaci\u00f3n Internacional de Softball. Adem\u00e1s del terreno de juego y las grader\u00edas, este estadio cuenta con salas para deportistas, camerinos, ba\u00f1os, zona antidopaje y enfermer\u00eda, adem\u00e1s de \u00e1reas administrativas, acceso para personas con discapacidad, puntos de evacuaci\u00f3n, zonas de cafeter\u00eda e iluminaci\u00f3n para eventos nocturnos.<\/span><\/p>\n<p style=\"text-align: justify;\"><span style=\"font-size: small;\"><span style=\"font-size: small;\"><span style=\"font-size: small;\"><br \/>El estadio fue nombrado en homenaje al se\u00f1or\u00a0<strong>SIMON CARBONELL TOWNSEND<\/strong>, uno de los pioneros del softbol en la ciudad, quien fue dirigente y deportista, m\u00e1s conocido como <strong>\u201cEl Chony\u201d Carbonell.<\/strong><\/span><\/span><\/span><\/p>\n<p style=\"text-align: justify;\">\u00a0<\/p>\n<table>\n<tbody>\n<tr>\n<td style=\"text-align: justify;\"><span style=\"font-size: small;\"><strong>El Chony Carbonell<\/strong><\/span><\/td>\n<\/tr>\n<tr>\n<td style=\"text-align: justify;\">\u00a0<\/td>\n<\/tr>\n<tr>\n<td style=\"text-align: justify;\"><span style=\"font-size: small;\">Sim\u00f3n Carbonell naci\u00f3 en Barranquilla en el hogar formado por un barranquillero y una norteamericana. En la d\u00e9cada del 50 lleg\u00f3 a la ciudad de Cali, e inmediatamente se vincul\u00f3 al deporte del b\u00e9isbol como jugador del equipo de Celanese. Luego pas\u00f3 al Softbol, deporte que practicaban los cubanos y puertorrique\u00f1os que laboraban en los ingenios del Valle.<\/span><\/p>\n<p><span style=\"font-size: small;\">Luego el se\u00f1or Carbonell cuando se iniciaron las obras para el estadio de b\u00e9isbol de los Juegos Panamericanos, se dedic\u00f3 de lleno a trabajar por su cuenta para que con los materiales sobrantes, se rellenara el futuro campo del estadio de softbol que aun no exist\u00eda. De esa manera naci\u00f3 el estadio de softbol, con su dedicaci\u00f3n y persistencia ante las autoridades del deporte para que hicieran inicialmente el campo que \u00e9l, hab\u00eda logrado rellenar.<\/span><\/p>\n<p><span style=\"font-size: small;\"> As\u00ed fue naciendo la pr\u00e1ctica de \u00e9ste deporte en el Valle del Cauca; inicialmente lo practicaban estudiantes y profesionales coste\u00f1os, pero una de sus metas era que fueran los vallunos quienes representaran a la regi\u00f3n en este deporte. Se propuso que las selecciones del Valle en este deporte fueran integradas por jugadores nacidos y formados en el Valle. Y lo logr\u00f3, esto se hizo realidad, varios seleccionados dirigidos por \u00e9l, fueron subcampeones nacionales con el 90% de jugadores vallecaucanos. La \u00faltima selecci\u00f3n que manej\u00f3, fue subcampeona nacional y en ella s\u00f3lo 3 jugadores no eran nacidos en el Valle.<\/span><\/p>\n<p><span style=\"font-size: small;\"> Sim\u00f3n Carbonell fue adem\u00e1s representante de la selecci\u00f3n del Valle, como jugador durante 20 a\u00f1os y como dirigente durante 15 a\u00f1os. En varias ocasiones fue, debido a sus logros, elegido como el mejor dirigente del a\u00f1o por la Federaci\u00f3n Colombiana de Softbol.<\/span><\/p>\n<p><span style=\"font-size: small;\"> Otro de sus logros fue el alumbrado para el campo, lo que hizo con dineros de su propio pecunio, con rifas y con algo de ayuda oficial.<\/span><\/p>\n<p><span style=\"font-size: small;\"> La siguiente es una sola de las miles de an\u00e9cdotas que hay sobre el se\u00f1or Carbonell, la conocemos a trav\u00e9s de su esposa: amante de la naturaleza fue quien sembr\u00f3 los \u00e1rboles de mango que hay en el campo. Siempre le dec\u00eda a ella que cuando muriera enterrara sus cenizas en un palo de mango del campo de softbol para que despu\u00e9s se tomara un jugo de mango con sabor a \u00e9l. Cuando ella lo cont\u00f3 al morir \u00e9l, todos en la comunidad alrededor del softbol se reunieron para cumplir con su deseo y all\u00ed est\u00e1n sus cenizas, A\u00f1os m\u00e1s tarde, otro jugador, Carlos Julio Herrera, cient\u00edfico del CIAT, vallecaucano, integrante de la selecci\u00f3n de softbol durante 20 a\u00f1os, muri\u00f3 de c\u00e1ncer y su deseo fue que enterraran sus cenizas al lado del se\u00f1or Carbonell.<\/span><\/p>\n<p><span style=\"font-size: small;\"> El se\u00f1or SIM\u00d3N EL &#8220;CHONY&#8221; CARBONELL fue un miembro muy querido por toda la comunidad que frecuenta el estadio de Softbol y sus amigos, jugadores, dirigentes y periodistas, nos sentimos orgullosos de que el estadio de Softbol de la ciudad lleve su nombre.<\/span><\/p>\n<p><span style=\"font-size: small;\">Jairo Estarita.<\/span><\/p>\n<\/td>\n<\/tr>\n<\/tbody>\n<\/table>\n<ul>\n<li style=\"text-align: justify;\"><span style=\"font-size: small;\"><span style=\"font-family: arial black,avant garde;\">SOFTBOL Rese\u00f1a hist\u00f3rica<\/span><\/span><\/li>\n<\/ul>\n<div class=\"item-full-text span5\">\n<p style=\"text-align: justify;\"><span style=\"font-size: small;\">El deporte que hoy conocemos como SOFTBOL se dice que comenz\u00f3 \u2013bajo techo en realidad- en 1887 en Chicago el d\u00eda de acci\u00f3n de gracias. Un grupo de hombres se hab\u00eda reunido para el partido de futbol americano de Harvard-Yale. Despu\u00e9s del partido, un feliz entusiasta de Yale, agarr\u00f3 u guante de boxeo y \u2013a manera de broma- lo arroj\u00f3 a un hincha de Harvard. Este \u00faltimo al ver que el guante se dirig\u00eda hacia \u00e9l tom\u00f3 un palo y lo balance\u00f3 hacia el guante, golpeando la cabeza del hincha de Yale. Un periodista del peri\u00f3dico Chicago Board of Trade, llamado George Hancock, estaba viendo este despliegue y pens\u00f3 que podr\u00eda ser utilizado como un juego. Entonces, at\u00f3 el guante de boxeo a una esfera, cogi\u00f3 un palo de escoba, y con tiza en mano demarc\u00f3 l\u00edneas en el piso. Esa noche se llev\u00f3 a cabo un partido con 80 carreras anotadas y all\u00ed naci\u00f3 este deporte. Hancock estableci\u00f3 las reglas de juego y todos los s\u00e1bados en la noche, sus amigos iban a su casa a jugar. Desde all\u00ed, se populariz\u00f3 por todo Chicago. Se dice que el primer manual de reglas realizado por Hancock sali\u00f3 en 1889.<\/span><\/p>\n<p style=\"text-align: justify;\"><span style=\"font-size: small;\">El Softbol se extendi\u00f3 lentamente en el mundo, quiz\u00e1 el mayor impulso que tuvo vino por parte de los misioneros americanos y militares, quienes lo jugaban y ense\u00f1aban en los campos lejanos de la segunda guerra mundial. No fue sino hasta 1965 que la Federaci\u00f3n Internacional de Softbol (ISF) se form\u00f3.<\/span><\/p>\n<hr \/>\n<p style=\"text-align: justify;\">\u00a0<\/p>\n<p><strong><span style=\"font-size: small;\">ESTADIO DE BEISBOL CALI -COLISEO DE SOFTBOL CALI &#8211; DIAMANTE DE BESBOL CALI<\/span><\/strong><\/p>\n<p><strong>Direcci\u00f2n:<\/strong><\/p>\n<p>Calle 10 (Autopista) # 35 A 02<\/p>\n<p>CALI &#8211; VALLE &#8211; COLOMBIA<\/p>\n<\/div>\n<\/div>\n","protected":false},"excerpt":{"rendered":"<p>ESTADIO DE BEISBOL CALI -COLISEO DE SOFTBOL CALI &#8211; DIAMANTE DE BESBOL CALI Estadio de Softbol SIMON CARBONELL TOWNSEND \u00a0 \u00a0 El Coliseo de Softbol fue construido para Los Juegos Mundiales 2013 en la Unidad &hellip; <\/p>\n","protected":false},"author":1,"featured_media":0,"parent":0,"menu_order":8,"comment_status":"closed","ping_status":"closed","template":"","meta":{"footnotes":""},"class_list":["post-125","page","type-page","status-publish","hentry"],"yoast_head":"<!-- This site is optimized with the Yoast SEO plugin v26.8 - https:\/\/yoast.com\/product\/yoast-seo-wordpress\/ -->\n<title>Coliseo de Beisbol Cali - Coliseo de Softbol Cali - Bienvenido a Adondequierenir.com<\/title>\n<meta name=\"robots\" content=\"index, follow, max-snippet:-1, max-image-preview:large, max-video-preview:-1\" \/>\n<link rel=\"canonical\" href=\"https:\/\/www.adondequierenir.com\/index.php\/coliseo-de-beisbol-cali-coliseo-de-softbol-cali\/\" \/>\n<meta property=\"og:locale\" content=\"es_ES\" \/>\n<meta property=\"og:type\" content=\"article\" \/>\n<meta property=\"og:title\" content=\"Coliseo de Beisbol Cali - Coliseo de Softbol Cali - Bienvenido a Adondequierenir.com\" \/>\n<meta property=\"og:description\" content=\"ESTADIO DE BEISBOL CALI -COLISEO DE SOFTBOL CALI &#8211; DIAMANTE DE BESBOL CALI Estadio de Softbol SIMON CARBONELL TOWNSEND \u00a0 \u00a0 El Coliseo de Softbol fue construido para Los Juegos Mundiales 2013 en la Unidad &hellip;\" \/>\n<meta property=\"og:url\" content=\"https:\/\/www.adondequierenir.com\/index.php\/coliseo-de-beisbol-cali-coliseo-de-softbol-cali\/\" \/>\n<meta property=\"og:site_name\" content=\"Bienvenido a Adondequierenir.com\" \/>\n<meta property=\"article:publisher\" content=\"https:\/\/www.facebook.com\/adonde.q.ir\" \/>\n<meta name=\"twitter:card\" content=\"summary_large_image\" \/>\n<meta name=\"twitter:label1\" content=\"Tiempo de lectura\" \/>\n\t<meta name=\"twitter:data1\" content=\"5 minutos\" \/>\n<script type=\"application\/ld+json\" class=\"yoast-schema-graph\">{\"@context\":\"https:\/\/schema.org\",\"@graph\":[{\"@type\":\"WebPage\",\"@id\":\"https:\/\/www.adondequierenir.com\/index.php\/coliseo-de-beisbol-cali-coliseo-de-softbol-cali\/\",\"url\":\"https:\/\/www.adondequierenir.com\/index.php\/coliseo-de-beisbol-cali-coliseo-de-softbol-cali\/\",\"name\":\"Coliseo de Beisbol Cali - Coliseo de Softbol Cali - Bienvenido a Adondequierenir.com\",\"isPartOf\":{\"@id\":\"https:\/\/www.adondequierenir.com\/#website\"},\"datePublished\":\"2013-07-29T01:55:01+00:00\",\"breadcrumb\":{\"@id\":\"https:\/\/www.adondequierenir.com\/index.php\/coliseo-de-beisbol-cali-coliseo-de-softbol-cali\/#breadcrumb\"},\"inLanguage\":\"es-CO\",\"potentialAction\":[{\"@type\":\"ReadAction\",\"target\":[\"https:\/\/www.adondequierenir.com\/index.php\/coliseo-de-beisbol-cali-coliseo-de-softbol-cali\/\"]}]},{\"@type\":\"BreadcrumbList\",\"@id\":\"https:\/\/www.adondequierenir.com\/index.php\/coliseo-de-beisbol-cali-coliseo-de-softbol-cali\/#breadcrumb\",\"itemListElement\":[{\"@type\":\"ListItem\",\"position\":1,\"name\":\"Inicio\",\"item\":\"https:\/\/www.adondequierenir.com\/\"},{\"@type\":\"ListItem\",\"position\":2,\"name\":\"Coliseo de Beisbol Cali &#8211; Coliseo de Softbol Cali\"}]},{\"@type\":\"WebSite\",\"@id\":\"https:\/\/www.adondequierenir.com\/#website\",\"url\":\"https:\/\/www.adondequierenir.com\/\",\"name\":\"Bienvenido a Adondequierenir.com\",\"description\":\"\",\"publisher\":{\"@id\":\"https:\/\/www.adondequierenir.com\/#\/schema\/person\/83485548bc9e14e5d02478eab46f9302\"},\"potentialAction\":[{\"@type\":\"SearchAction\",\"target\":{\"@type\":\"EntryPoint\",\"urlTemplate\":\"https:\/\/www.adondequierenir.com\/?s={search_term_string}\"},\"query-input\":{\"@type\":\"PropertyValueSpecification\",\"valueRequired\":true,\"valueName\":\"search_term_string\"}}],\"inLanguage\":\"es-CO\"},{\"@type\":[\"Person\",\"Organization\"],\"@id\":\"https:\/\/www.adondequierenir.com\/#\/schema\/person\/83485548bc9e14e5d02478eab46f9302\",\"name\":\"p@m@rt1n\",\"image\":{\"@type\":\"ImageObject\",\"inLanguage\":\"es-CO\",\"@id\":\"https:\/\/www.adondequierenir.com\/#\/schema\/person\/image\/\",\"url\":\"https:\/\/www.adondequierenir.com\/wp-content\/uploads\/2023\/11\/59132335-e1e2-4bf2-8d9a-1993d6e55eac.jpeg\",\"contentUrl\":\"https:\/\/www.adondequierenir.com\/wp-content\/uploads\/2023\/11\/59132335-e1e2-4bf2-8d9a-1993d6e55eac.jpeg\",\"width\":1024,\"height\":1024,\"caption\":\"p@m@rt1n\"},\"logo\":{\"@id\":\"https:\/\/www.adondequierenir.com\/#\/schema\/person\/image\/\"},\"sameAs\":[\"https:\/\/www.adondequierenir.com\",\"https:\/\/www.facebook.com\/adonde.q.ir\"]}]}<\/script>\n<!-- \/ Yoast SEO plugin. -->","yoast_head_json":{"title":"Coliseo de Beisbol Cali - Coliseo de Softbol Cali - Bienvenido a Adondequierenir.com","robots":{"index":"index","follow":"follow","max-snippet":"max-snippet:-1","max-image-preview":"max-image-preview:large","max-video-preview":"max-video-preview:-1"},"canonical":"https:\/\/www.adondequierenir.com\/index.php\/coliseo-de-beisbol-cali-coliseo-de-softbol-cali\/","og_locale":"es_ES","og_type":"article","og_title":"Coliseo de Beisbol Cali - Coliseo de Softbol Cali - Bienvenido a Adondequierenir.com","og_description":"ESTADIO DE BEISBOL CALI -COLISEO DE SOFTBOL CALI &#8211; DIAMANTE DE BESBOL CALI Estadio de Softbol SIMON CARBONELL TOWNSEND \u00a0 \u00a0 El Coliseo de Softbol fue construido para Los Juegos Mundiales 2013 en la Unidad &hellip;","og_url":"https:\/\/www.adondequierenir.com\/index.php\/coliseo-de-beisbol-cali-coliseo-de-softbol-cali\/","og_site_name":"Bienvenido a Adondequierenir.com","article_publisher":"https:\/\/www.facebook.com\/adonde.q.ir","twitter_card":"summary_large_image","twitter_misc":{"Tiempo de lectura":"5 minutos"},"schema":{"@context":"https:\/\/schema.org","@graph":[{"@type":"WebPage","@id":"https:\/\/www.adondequierenir.com\/index.php\/coliseo-de-beisbol-cali-coliseo-de-softbol-cali\/","url":"https:\/\/www.adondequierenir.com\/index.php\/coliseo-de-beisbol-cali-coliseo-de-softbol-cali\/","name":"Coliseo de Beisbol Cali - Coliseo de Softbol Cali - Bienvenido a Adondequierenir.com","isPartOf":{"@id":"https:\/\/www.adondequierenir.com\/#website"},"datePublished":"2013-07-29T01:55:01+00:00","breadcrumb":{"@id":"https:\/\/www.adondequierenir.com\/index.php\/coliseo-de-beisbol-cali-coliseo-de-softbol-cali\/#breadcrumb"},"inLanguage":"es-CO","potentialAction":[{"@type":"ReadAction","target":["https:\/\/www.adondequierenir.com\/index.php\/coliseo-de-beisbol-cali-coliseo-de-softbol-cali\/"]}]},{"@type":"BreadcrumbList","@id":"https:\/\/www.adondequierenir.com\/index.php\/coliseo-de-beisbol-cali-coliseo-de-softbol-cali\/#breadcrumb","itemListElement":[{"@type":"ListItem","position":1,"name":"Inicio","item":"https:\/\/www.adondequierenir.com\/"},{"@type":"ListItem","position":2,"name":"Coliseo de Beisbol Cali &#8211; Coliseo de Softbol Cali"}]},{"@type":"WebSite","@id":"https:\/\/www.adondequierenir.com\/#website","url":"https:\/\/www.adondequierenir.com\/","name":"Bienvenido a Adondequierenir.com","description":"","publisher":{"@id":"https:\/\/www.adondequierenir.com\/#\/schema\/person\/83485548bc9e14e5d02478eab46f9302"},"potentialAction":[{"@type":"SearchAction","target":{"@type":"EntryPoint","urlTemplate":"https:\/\/www.adondequierenir.com\/?s={search_term_string}"},"query-input":{"@type":"PropertyValueSpecification","valueRequired":true,"valueName":"search_term_string"}}],"inLanguage":"es-CO"},{"@type":["Person","Organization"],"@id":"https:\/\/www.adondequierenir.com\/#\/schema\/person\/83485548bc9e14e5d02478eab46f9302","name":"p@m@rt1n","image":{"@type":"ImageObject","inLanguage":"es-CO","@id":"https:\/\/www.adondequierenir.com\/#\/schema\/person\/image\/","url":"https:\/\/www.adondequierenir.com\/wp-content\/uploads\/2023\/11\/59132335-e1e2-4bf2-8d9a-1993d6e55eac.jpeg","contentUrl":"https:\/\/www.adondequierenir.com\/wp-content\/uploads\/2023\/11\/59132335-e1e2-4bf2-8d9a-1993d6e55eac.jpeg","width":1024,"height":1024,"caption":"p@m@rt1n"},"logo":{"@id":"https:\/\/www.adondequierenir.com\/#\/schema\/person\/image\/"},"sameAs":["https:\/\/www.adondequierenir.com","https:\/\/www.facebook.com\/adonde.q.ir"]}]}},"_links":{"self":[{"href":"https:\/\/www.adondequierenir.com\/index.php\/wp-json\/wp\/v2\/pages\/125","targetHints":{"allow":["GET"]}}],"collection":[{"href":"https:\/\/www.adondequierenir.com\/index.php\/wp-json\/wp\/v2\/pages"}],"about":[{"href":"https:\/\/www.adondequierenir.com\/index.php\/wp-json\/wp\/v2\/types\/page"}],"author":[{"embeddable":true,"href":"https:\/\/www.adondequierenir.com\/index.php\/wp-json\/wp\/v2\/users\/1"}],"replies":[{"embeddable":true,"href":"https:\/\/www.adondequierenir.com\/index.php\/wp-json\/wp\/v2\/comments?post=125"}],"version-history":[{"count":0,"href":"https:\/\/www.adondequierenir.com\/index.php\/wp-json\/wp\/v2\/pages\/125\/revisions"}],"wp:attachment":[{"href":"https:\/\/www.adondequierenir.com\/index.php\/wp-json\/wp\/v2\/media?parent=125"}],"curies":[{"name":"wp","href":"https:\/\/api.w.org\/{rel}","templated":true}]}}