{"id":64,"date":"2024-02-03T19:58:21","date_gmt":"2024-02-04T00:58:21","guid":{"rendered":"https:\/\/www.adondequierenir.com\/index.php\/la-ruta-de-la-montana-cali\/"},"modified":"2024-02-03T19:58:22","modified_gmt":"2024-02-04T00:58:22","slug":"la-ruta-de-la-montana-cali","status":"publish","type":"page","link":"https:\/\/www.adondequierenir.com\/index.php\/la-ruta-de-la-montana-cali\/","title":{"rendered":"La Ruta de la Monta\u00f1a Cali"},"content":{"rendered":"<p>En la zona rural de la \u2018Sucursal del Cielo\u2019 hay hermosos paisajes, bosques, aguas frescas, acogedores alojamientos y una gran variedad de atractivos tur\u00edsticos para hacer que los visitantes que llegar\u00e1n a<br \/>\nla ciudad motivados por los diferentes eventos deportivos y culturales, se enamoren de la ciudad.<\/p>\n<p>Programaci\u00f3n tur\u00edstica en la zona rural para propios y turistas que disfrutan los diferentes eventos culturales de Santiago de Cali<\/p>\n<p><strong>Proximamente\u00a0 Galer\u00eda de im\u00e1genes<\/strong><\/p>\n<p>En esta oportunidad, les difundimos \u2018La Ruta de la Monta\u00f1a\u2019, comprendida por los corregimientos Pance, Villacarmelo y La Buitrera, la cual se da inicio en el suroccidente de la capital del departamento, a tan solo 12 kil\u00f3metros de la Plaza de Toros.<\/p>\n<p>Es un maravilloso recorrido que permitir\u00e1 que el cuerpo, mente y esp\u00edritu entren en armon\u00eda a trav\u00e9s de los elementos presentes en la naturaleza: el agua, la tierra, el fuego y el aire.<\/p>\n<p>Mercados campesinos, cultivos hidrop\u00f3nicos y org\u00e1nicos con cero qu\u00edmicos, nacimientos de quebradas que dan origen a los r\u00edos tutelares de Cali, senderos ecol\u00f3gicos y lugares agradables a la vista, unidos<br \/>\nal calor humano de los campesinos del lugar, hacen que este panorama, a escasos minutos de la ruidosa ciudad, sea otro.<\/p>\n<p>PANCE:<\/p>\n<p>Reconocido por su tradicional ba\u00f1o en el R\u00edo y el sancocho de gallina en grupo, denominado el \u201cpaseo de olla\u201d.<br \/>\nMonta\u00f1a agreste para visitar y caminar sobre los Picos de los Farallones e Cali. Cascadas, chorreras, piscina con agua natural, monta\u00f1ismo, gastronom\u00eda campesina, granja ancestral, punto de enlace tur\u00edstico, senderos, alojamientos hacen parte de la oferta tur\u00edstica de Pance.<\/p>\n<p>Poblaci\u00f3n: Aprox 2.359 habitantes.<br \/>\nTemperatura: 5\u00ba a 23\u00ba cent\u00edgrados.<br \/>\nAltitud:\u00a04.100 hasta 1.100 msnm.<\/p>\n<p>En Pance, es inevitable llegar hasta el Manantial.<br \/>\nUna casa acogedora entre piedras, maderas y bamb\u00fa, acompa\u00f1ada de aves, entre ellas el colibr\u00ed; imagen del Festival Internacional de Poes\u00eda de Cali. All\u00ed, los turistas se encontrar\u00e1n con la cordial atenci\u00f3n de sus anfitriones en un paraje donde tambi\u00e9n se destacan la Quebrada Los Indios, el peque\u00f1o puente de guadua y sus cuadros naturales.<\/p>\n<p>Luego, a orillas de la quebrada, se encuentran las conservas El Topacio; elaboradas por Olga y Melissa; madre e hija ofrecen estas delicias entre mermeladas, dulces y encurtidos. All\u00ed tambi\u00e9n est\u00e1 Luis Ch\u00e1vez:<br \/>\nartesano que a trav\u00e9s de su emprendimiento Artans-Arte Ancestral, ofrece una propuesta y concepto artesanal que alarga la vida \u00fatil de las cosas mediante el reciclaje.<\/p>\n<p>Otra alternativa es Supercheers Pance V\u00eda El Topacio, un lugar agradable, caba\u00f1as, fogatas colectivas, guayabas y patos, adem\u00e1s de un recorrido por un r\u00edo, desde donde se avistan los imponentes picos<br \/>\nde Los Farallones.<\/p>\n<p>El Mirador El Topacio es un sitio con una magia innata que convoca a volver. Una docena de perros le saludan y despiden con cari\u00f1o. Adem\u00e1s, all\u00e1 preparan delicioso yogurt con frutas del lugar. Gracias a<br \/>\nJulia Emma y Darwin Quiroz.<\/p>\n<p>Por estos caminos de hojas y piedras habita Alirio Mu\u00f1oz, un contador de historias de Los Farallones de Cali, cuyos picos tienen<br \/>\nencantos muy particulares.<\/p>\n<p>VILLACARMELO<\/p>\n<p>Este corregimiento, ba\u00f1ado por el R\u00edo Mel\u00e9ndez, abre el mundo de las sensaciones con el disfrute de terapias saludables como lodoterapia, caminatas, centros de salud hol\u00edstica y spa natural, camping junto al r\u00edo, gastronom\u00eda t\u00edpica, sendero de la imaginaci\u00f3n y alojamiento campesino.<\/p>\n<p>Poblaci\u00f3n: Aprox 1.759 habitantes.<br \/>\nTemperatura: 15\u00ba C a 28\u00ba C cent\u00edgrados.<br \/>\nAltitud:\u00a01.200 a 2.800 msnm<\/p>\n<p>En Villacarmelo est\u00e1 &#8216;Pacha Mama&#8217;, una finca con<br \/>\nalojamiento, entre rituales, guaduas, emprendimientos comunitarios, atendida por<br \/>\nManuel y Jaime,, acompa\u00f1ados por el grupo \u201cCampo Y Sabor\u201d con su Agrom\u00fasica que<br \/>\ndivulga y recupera tradiciones culinarias, incorporando diversi\u00f3n picaresca.<br \/>\nEste es un atractivo sendero ecol\u00f3gico alrededor del r\u00edo Mel\u00e9ndez, que obliga a<br \/>\nlos asistentes a pegarse la \u201ccaminadita\u201d para despu\u00e9s disfrutar de un buen plato<br \/>\nde comida.<\/p>\n<p>La naturaleza viva est\u00e1 aqu\u00ed, en esta zona maravillosa como lo dejan sentir los aromas de los bosques en el Parque Ecotur\u00edstico Los Pinos; es un sue\u00f1o en formaci\u00f3n con respeto por la Madre Tierra<br \/>\nque con senderos y cascadas deja perpleja la mente de quien visita este lugar.<\/p>\n<p>Y si de comer se trata, en Los \u00c1lamos est\u00e1 la cocina de Lucidey; es un ambiente que invita a la buena mesa. Ofrece una vista insuperable de monta\u00f1as azules con una atenci\u00f3n armoniosa.<\/p>\n<p>El recorrido finaliza en el kil\u00f3metro 1,5 de la v\u00eda<br \/>\na Villacarmelo, en la Vereda Alto Los Mangos. \u201cAqu\u00ed nos encontramos con la Fundaci\u00f3n Salud Hol\u00edstica, un espacio de senderos ecol\u00f3gicos, lenguajes corporales, esencias, p\u00e9talos de rosas, masaje terap\u00e9utico, lodo terapia, hidroterapia, termoterapia, helioterapia, cocina sana y la agradable atenci\u00f3n de Amparo\u201d.<\/p>\n<p><strong>Cali tiene mucho verde.<\/strong><\/p>\n<p>El \u00e1rea total del municipio es de 56.400 hect\u00e1reas de las cuales 39.459 hect\u00e1reas hacen parte de la zonarural y de ellas, 13.100 hect\u00e1reas son Parque Nacional Natural Los Farallones y<br \/>\n10.875 hect\u00e1reas son reserva forestal.<\/p>\n<p>De los 15 corregimientos, 13 se encuentran en zona de ladera. Son: Pance, Buitrera, Villacarmelo, Pichind\u00e9, Los Andes, La Leonera, Felidia, Saladito, La Elvira, La Castilla, La Paz, Golondrinas y Montebello. Dos corregimientos est\u00e1n en la zona plana: El Hormiguero y Navarro.<\/p>\n<p>Hay en total 112 asentamientos distribuidos en\u00a0 16.358 predios que representan una poblaci\u00f3n aproximada de 38.000 personas.<\/p>\n","protected":false},"excerpt":{"rendered":"<p>En la zona rural de la \u2018Sucursal del Cielo\u2019 hay hermosos paisajes, bosques, aguas frescas, acogedores alojamientos y una gran variedad de atractivos tur\u00edsticos para hacer que los visitantes que llegar\u00e1n a la ciudad motivados &hellip; <\/p>\n","protected":false},"author":1,"featured_media":0,"parent":0,"menu_order":8,"comment_status":"closed","ping_status":"closed","template":"","meta":{"footnotes":""},"class_list":["post-64","page","type-page","status-publish","hentry"],"yoast_head":"<!-- This site is optimized with the Yoast SEO plugin v26.8 - https:\/\/yoast.com\/product\/yoast-seo-wordpress\/ -->\n<title>La Ruta de la Monta\u00f1a Cali - Bienvenido a Adondequierenir.com<\/title>\n<meta name=\"robots\" content=\"index, follow, max-snippet:-1, max-image-preview:large, max-video-preview:-1\" \/>\n<link rel=\"canonical\" href=\"https:\/\/www.adondequierenir.com\/index.php\/la-ruta-de-la-montana-cali\/\" \/>\n<meta property=\"og:locale\" content=\"es_ES\" \/>\n<meta property=\"og:type\" content=\"article\" \/>\n<meta property=\"og:title\" content=\"La Ruta de la Monta\u00f1a Cali - Bienvenido a Adondequierenir.com\" \/>\n<meta property=\"og:description\" content=\"En la zona rural de la \u2018Sucursal del Cielo\u2019 hay hermosos paisajes, bosques, aguas frescas, acogedores alojamientos y una gran variedad de atractivos tur\u00edsticos para hacer que los visitantes que llegar\u00e1n a la ciudad motivados &hellip;\" \/>\n<meta property=\"og:url\" content=\"https:\/\/www.adondequierenir.com\/index.php\/la-ruta-de-la-montana-cali\/\" \/>\n<meta property=\"og:site_name\" content=\"Bienvenido a Adondequierenir.com\" \/>\n<meta property=\"article:publisher\" content=\"https:\/\/www.facebook.com\/adonde.q.ir\" \/>\n<meta property=\"article:modified_time\" content=\"2024-02-04T00:58:22+00:00\" \/>\n<meta name=\"twitter:card\" content=\"summary_large_image\" \/>\n<meta name=\"twitter:label1\" content=\"Tiempo de lectura\" \/>\n\t<meta name=\"twitter:data1\" content=\"4 minutos\" \/>\n<script type=\"application\/ld+json\" class=\"yoast-schema-graph\">{\"@context\":\"https:\/\/schema.org\",\"@graph\":[{\"@type\":\"WebPage\",\"@id\":\"https:\/\/www.adondequierenir.com\/index.php\/la-ruta-de-la-montana-cali\/\",\"url\":\"https:\/\/www.adondequierenir.com\/index.php\/la-ruta-de-la-montana-cali\/\",\"name\":\"La Ruta de la Monta\u00f1a Cali - Bienvenido a Adondequierenir.com\",\"isPartOf\":{\"@id\":\"https:\/\/www.adondequierenir.com\/#website\"},\"datePublished\":\"2024-02-04T00:58:21+00:00\",\"dateModified\":\"2024-02-04T00:58:22+00:00\",\"breadcrumb\":{\"@id\":\"https:\/\/www.adondequierenir.com\/index.php\/la-ruta-de-la-montana-cali\/#breadcrumb\"},\"inLanguage\":\"es-CO\",\"potentialAction\":[{\"@type\":\"ReadAction\",\"target\":[\"https:\/\/www.adondequierenir.com\/index.php\/la-ruta-de-la-montana-cali\/\"]}]},{\"@type\":\"BreadcrumbList\",\"@id\":\"https:\/\/www.adondequierenir.com\/index.php\/la-ruta-de-la-montana-cali\/#breadcrumb\",\"itemListElement\":[{\"@type\":\"ListItem\",\"position\":1,\"name\":\"Inicio\",\"item\":\"https:\/\/www.adondequierenir.com\/\"},{\"@type\":\"ListItem\",\"position\":2,\"name\":\"La Ruta de la Monta\u00f1a Cali\"}]},{\"@type\":\"WebSite\",\"@id\":\"https:\/\/www.adondequierenir.com\/#website\",\"url\":\"https:\/\/www.adondequierenir.com\/\",\"name\":\"Bienvenido a Adondequierenir.com\",\"description\":\"\",\"publisher\":{\"@id\":\"https:\/\/www.adondequierenir.com\/#\/schema\/person\/83485548bc9e14e5d02478eab46f9302\"},\"potentialAction\":[{\"@type\":\"SearchAction\",\"target\":{\"@type\":\"EntryPoint\",\"urlTemplate\":\"https:\/\/www.adondequierenir.com\/?s={search_term_string}\"},\"query-input\":{\"@type\":\"PropertyValueSpecification\",\"valueRequired\":true,\"valueName\":\"search_term_string\"}}],\"inLanguage\":\"es-CO\"},{\"@type\":[\"Person\",\"Organization\"],\"@id\":\"https:\/\/www.adondequierenir.com\/#\/schema\/person\/83485548bc9e14e5d02478eab46f9302\",\"name\":\"p@m@rt1n\",\"image\":{\"@type\":\"ImageObject\",\"inLanguage\":\"es-CO\",\"@id\":\"https:\/\/www.adondequierenir.com\/#\/schema\/person\/image\/\",\"url\":\"https:\/\/www.adondequierenir.com\/wp-content\/uploads\/2023\/11\/59132335-e1e2-4bf2-8d9a-1993d6e55eac.jpeg\",\"contentUrl\":\"https:\/\/www.adondequierenir.com\/wp-content\/uploads\/2023\/11\/59132335-e1e2-4bf2-8d9a-1993d6e55eac.jpeg\",\"width\":1024,\"height\":1024,\"caption\":\"p@m@rt1n\"},\"logo\":{\"@id\":\"https:\/\/www.adondequierenir.com\/#\/schema\/person\/image\/\"},\"sameAs\":[\"https:\/\/www.adondequierenir.com\",\"https:\/\/www.facebook.com\/adonde.q.ir\"]}]}<\/script>\n<!-- \/ Yoast SEO plugin. -->","yoast_head_json":{"title":"La Ruta de la Monta\u00f1a Cali - Bienvenido a Adondequierenir.com","robots":{"index":"index","follow":"follow","max-snippet":"max-snippet:-1","max-image-preview":"max-image-preview:large","max-video-preview":"max-video-preview:-1"},"canonical":"https:\/\/www.adondequierenir.com\/index.php\/la-ruta-de-la-montana-cali\/","og_locale":"es_ES","og_type":"article","og_title":"La Ruta de la Monta\u00f1a Cali - Bienvenido a Adondequierenir.com","og_description":"En la zona rural de la \u2018Sucursal del Cielo\u2019 hay hermosos paisajes, bosques, aguas frescas, acogedores alojamientos y una gran variedad de atractivos tur\u00edsticos para hacer que los visitantes que llegar\u00e1n a la ciudad motivados &hellip;","og_url":"https:\/\/www.adondequierenir.com\/index.php\/la-ruta-de-la-montana-cali\/","og_site_name":"Bienvenido a Adondequierenir.com","article_publisher":"https:\/\/www.facebook.com\/adonde.q.ir","article_modified_time":"2024-02-04T00:58:22+00:00","twitter_card":"summary_large_image","twitter_misc":{"Tiempo de lectura":"4 minutos"},"schema":{"@context":"https:\/\/schema.org","@graph":[{"@type":"WebPage","@id":"https:\/\/www.adondequierenir.com\/index.php\/la-ruta-de-la-montana-cali\/","url":"https:\/\/www.adondequierenir.com\/index.php\/la-ruta-de-la-montana-cali\/","name":"La Ruta de la Monta\u00f1a Cali - Bienvenido a Adondequierenir.com","isPartOf":{"@id":"https:\/\/www.adondequierenir.com\/#website"},"datePublished":"2024-02-04T00:58:21+00:00","dateModified":"2024-02-04T00:58:22+00:00","breadcrumb":{"@id":"https:\/\/www.adondequierenir.com\/index.php\/la-ruta-de-la-montana-cali\/#breadcrumb"},"inLanguage":"es-CO","potentialAction":[{"@type":"ReadAction","target":["https:\/\/www.adondequierenir.com\/index.php\/la-ruta-de-la-montana-cali\/"]}]},{"@type":"BreadcrumbList","@id":"https:\/\/www.adondequierenir.com\/index.php\/la-ruta-de-la-montana-cali\/#breadcrumb","itemListElement":[{"@type":"ListItem","position":1,"name":"Inicio","item":"https:\/\/www.adondequierenir.com\/"},{"@type":"ListItem","position":2,"name":"La Ruta de la Monta\u00f1a Cali"}]},{"@type":"WebSite","@id":"https:\/\/www.adondequierenir.com\/#website","url":"https:\/\/www.adondequierenir.com\/","name":"Bienvenido a Adondequierenir.com","description":"","publisher":{"@id":"https:\/\/www.adondequierenir.com\/#\/schema\/person\/83485548bc9e14e5d02478eab46f9302"},"potentialAction":[{"@type":"SearchAction","target":{"@type":"EntryPoint","urlTemplate":"https:\/\/www.adondequierenir.com\/?s={search_term_string}"},"query-input":{"@type":"PropertyValueSpecification","valueRequired":true,"valueName":"search_term_string"}}],"inLanguage":"es-CO"},{"@type":["Person","Organization"],"@id":"https:\/\/www.adondequierenir.com\/#\/schema\/person\/83485548bc9e14e5d02478eab46f9302","name":"p@m@rt1n","image":{"@type":"ImageObject","inLanguage":"es-CO","@id":"https:\/\/www.adondequierenir.com\/#\/schema\/person\/image\/","url":"https:\/\/www.adondequierenir.com\/wp-content\/uploads\/2023\/11\/59132335-e1e2-4bf2-8d9a-1993d6e55eac.jpeg","contentUrl":"https:\/\/www.adondequierenir.com\/wp-content\/uploads\/2023\/11\/59132335-e1e2-4bf2-8d9a-1993d6e55eac.jpeg","width":1024,"height":1024,"caption":"p@m@rt1n"},"logo":{"@id":"https:\/\/www.adondequierenir.com\/#\/schema\/person\/image\/"},"sameAs":["https:\/\/www.adondequierenir.com","https:\/\/www.facebook.com\/adonde.q.ir"]}]}},"_links":{"self":[{"href":"https:\/\/www.adondequierenir.com\/index.php\/wp-json\/wp\/v2\/pages\/64","targetHints":{"allow":["GET"]}}],"collection":[{"href":"https:\/\/www.adondequierenir.com\/index.php\/wp-json\/wp\/v2\/pages"}],"about":[{"href":"https:\/\/www.adondequierenir.com\/index.php\/wp-json\/wp\/v2\/types\/page"}],"author":[{"embeddable":true,"href":"https:\/\/www.adondequierenir.com\/index.php\/wp-json\/wp\/v2\/users\/1"}],"replies":[{"embeddable":true,"href":"https:\/\/www.adondequierenir.com\/index.php\/wp-json\/wp\/v2\/comments?post=64"}],"version-history":[{"count":1,"href":"https:\/\/www.adondequierenir.com\/index.php\/wp-json\/wp\/v2\/pages\/64\/revisions"}],"predecessor-version":[{"id":969,"href":"https:\/\/www.adondequierenir.com\/index.php\/wp-json\/wp\/v2\/pages\/64\/revisions\/969"}],"wp:attachment":[{"href":"https:\/\/www.adondequierenir.com\/index.php\/wp-json\/wp\/v2\/media?parent=64"}],"curies":[{"name":"wp","href":"https:\/\/api.w.org\/{rel}","templated":true}]}}